{"id":12923,"date":"2025-10-27T17:11:35","date_gmt":"2025-10-27T17:11:35","guid":{"rendered":"https:\/\/hypnos-inmobiliaria.com\/?post_type=estate_property&#038;p=12923"},"modified":"2026-04-20T11:54:50","modified_gmt":"2026-04-20T11:54:50","slug":"atico-reformado-con-terraza-y-vistas-al-mar-en-tincer-2","status":"publish","type":"estate_property","link":"https:\/\/hypnos-inmobiliaria.com\/de\/properties\/atico-reformado-con-terraza-y-vistas-al-mar-en-tincer-2\/","title":{"rendered":"\u00c1tico reformado con terraza y vistas al mar en Tincer"},"content":{"rendered":"<p data-start=\"1311\" data-end=\"1491\">Se alquila luminoso \u00e1tico en excelente estado, ubicado en Tincer, cerca de la conexi\u00f3n con la autopista norte y sur, transporte p\u00fablico, supermercados, farmacia y centro comercial.<\/p>\n<p data-start=\"1493\" data-end=\"1714\">La vivienda cuenta con <strong data-start=\"1516\" data-end=\"1525\">65 m\u00b2<\/strong> distribuidos en <strong data-start=\"1542\" data-end=\"1561\">dos dormitorios<\/strong>, <strong data-start=\"1563\" data-end=\"1583\">un ba\u00f1o completo<\/strong>, <strong data-start=\"1585\" data-end=\"1594\">sal\u00f3n<\/strong> y una <strong data-start=\"1601\" data-end=\"1642\">cocina completamente nueva y equipada<\/strong>, desde la cual se accede a una <strong data-start=\"1674\" data-end=\"1711\">terraza privada con vistas al mar<\/strong>.<\/p>\n<p data-start=\"1716\" data-end=\"1886\">El inmueble est\u00e1 <strong data-start=\"1733\" data-end=\"1757\">totalmente reformado<\/strong>, se encuentra en una <strong data-start=\"1779\" data-end=\"1809\">cuarta planta sin ascensor<\/strong> y destaca por su tranquilidad, buena iluminaci\u00f3n y su pr\u00e1ctica distribuci\u00f3n.<\/p>\n<p data-start=\"1888\" data-end=\"1977\">\ud83d\udcb6 <strong data-start=\"1891\" data-end=\"1915\">Precio del alquiler:<\/strong> 800 \u20ac\/mes<br data-start=\"1925\" data-end=\"1928\" \/>(<em data-start=\"1929\" data-end=\"1976\">Agua, basura y luz no incluidos en el precio.<\/em>)<\/p>\n<p data-start=\"1979\" data-end=\"2010\"><strong data-start=\"1979\" data-end=\"2008\">Condiciones del alquiler:<\/strong><\/p>\n<ul data-start=\"2011\" data-end=\"2118\">\n<li data-start=\"2011\" data-end=\"2034\">\n<p data-start=\"2013\" data-end=\"2034\">Dos meses de fianza<\/p>\n<\/li>\n<li data-start=\"2035\" data-end=\"2091\">\n<p data-start=\"2037\" data-end=\"2091\">Presentar contrato de trabajo y tres \u00faltimas n\u00f3minas<\/p>\n<\/li>\n<li data-start=\"2092\" data-end=\"2118\">\n<p data-start=\"2094\" data-end=\"2118\">No se aceptan mascotas<\/p>\n<\/li>\n<\/ul>\n<p data-start=\"2120\" data-end=\"2212\">Ideal para parejas o profesionales que buscan un hogar moderno, funcional y bien comunicado.<\/p>\n","protected":false},"excerpt":{"rendered":"<p>Se alquila luminoso \u00e1tico en excelente estado, ubicado en Tincer, cerca de la conexi\u00f3n con la autopista norte y sur, transporte p\u00fablico, supermercados, farmacia y centro comercial. La vivienda cuenta con 65 m\u00b2 distribuidos en dos dormitorios, un ba\u00f1o completo, sal\u00f3n y una cocina completamente nueva y equipada, desde la cual se accede a una terraza privada con vistas al mar. El inmueble est\u00e1 &#8230;<\/p>\n","protected":false},"featured_media":12860,"comment_status":"closed","ping_status":"closed","template":"","property_category":[3],"property_action_category":[9],"property_city":[129,398],"property_area":[],"property_county_state":[307],"property_features":[79,87,62,63,98,15,50,56,86,37,81,42,41],"property_status":[396],"class_list":["post-12923","estate_property","type-estate_property","status-publish","has-post-thumbnail","hentry","property_category-apartamentos","property_action_category-alquiler","property_city-santa-cruz-de-tenerife","property_city-tincer","property_county_state-santa-cruz-de-tenerife","property_features-amueblado","property_features-bano-con-ducha","property_features-cocina","property_features-cocina-equipada","property_features-cuarto-de-lavado-y-secado","property_features-equipamiento-exteriores","property_features-estado","property_features-reformado","property_features-sanitario","property_features-terraza","property_features-totalmente-amueblado","property_features-vista-al-mar","property_features-vistas","property_status-alquilado"],"_links":{"self":[{"href":"https:\/\/hypnos-inmobiliaria.com\/de\/wp-json\/wp\/v2\/estate_property\/12923","targetHints":{"allow":["GET"]}}],"collection":[{"href":"https:\/\/hypnos-inmobiliaria.com\/de\/wp-json\/wp\/v2\/estate_property"}],"about":[{"href":"https:\/\/hypnos-inmobiliaria.com\/de\/wp-json\/wp\/v2\/types\/estate_property"}],"replies":[{"embeddable":true,"href":"https:\/\/hypnos-inmobiliaria.com\/de\/wp-json\/wp\/v2\/comments?post=12923"}],"wp:featuredmedia":[{"embeddable":true,"href":"https:\/\/hypnos-inmobiliaria.com\/de\/wp-json\/wp\/v2\/media\/12860"}],"wp:attachment":[{"href":"https:\/\/hypnos-inmobiliaria.com\/de\/wp-json\/wp\/v2\/media?parent=12923"}],"wp:term":[{"taxonomy":"property_category","embeddable":true,"href":"https:\/\/hypnos-inmobiliaria.com\/de\/wp-json\/wp\/v2\/property_category?post=12923"},{"taxonomy":"property_action_category","embeddable":true,"href":"https:\/\/hypnos-inmobiliaria.com\/de\/wp-json\/wp\/v2\/property_action_category?post=12923"},{"taxonomy":"property_city","embeddable":true,"href":"https:\/\/hypnos-inmobiliaria.com\/de\/wp-json\/wp\/v2\/property_city?post=12923"},{"taxonomy":"property_area","embeddable":true,"href":"https:\/\/hypnos-inmobiliaria.com\/de\/wp-json\/wp\/v2\/property_area?post=12923"},{"taxonomy":"property_county_state","embeddable":true,"href":"https:\/\/hypnos-inmobiliaria.com\/de\/wp-json\/wp\/v2\/property_county_state?post=12923"},{"taxonomy":"property_features","embeddable":true,"href":"https:\/\/hypnos-inmobiliaria.com\/de\/wp-json\/wp\/v2\/property_features?post=12923"},{"taxonomy":"property_status","embeddable":true,"href":"https:\/\/hypnos-inmobiliaria.com\/de\/wp-json\/wp\/v2\/property_status?post=12923"}],"curies":[{"name":"wp","href":"https:\/\/api.w.org\/{rel}","templated":true}]}}

Ático reformado con terraza y vistas al mar en Tincer

<p data-start="1311" data-end="1491">Se alquila luminoso ático en excelente estado, ubicado en Tincer, cerca de la conexión con la autopista norte y sur, transporte público, supermercados, farmacia y centro comercial.</p>
<p data-start="1493" data-end="1714">La vivienda cuenta con <strong data-start="1516" data-end="1525">65 m²</strong> distribuidos en <strong data-start="1542" data-end="1561">dos dormitorios</strong>, <strong data-start="1563" data-end="1583">un baño completo</strong>, <strong data-start="1585" data-end="1594">salón</strong> y una <strong data-start="1601" data-end="1642">cocina completamente nueva y equipada</strong>, desde la cual se accede a una <strong data-start="1674" data-end="1711">terraza privada con vistas al mar</strong>.</p>
<p data-start="1716" data-end="1886">El inmueble está <strong data-start="1733" data-end="1757">totalmente reformado</strong>, se encuentra en una <strong data-start="1779" data-end="1809">cuarta planta sin ascensor</strong> y destaca por su tranquilidad, buena iluminación y su práctica distribución.</p>
<p data-start="1888" data-end="1977">💶 <strong data-start="1891" data-end="1915">Precio del alquiler:</strong> 800 €/mes<br data-start="1925" data-end="1928" />(<em data-start="1929" data-end="1976">Agua, basura y luz no incluidos en el precio.</em>)</p>
<p data-start="1979" data-end="2010"><strong data-start="1979" data-end="2008">Condiciones del alquiler:</strong></p>
<ul data-start="2011" data-end="2118">
<li data-start="2011" data-end="2034">
<p data-start="2013" data-end="2034">Dos meses de fianza</p>
</li>
<li data-start="2035" data-end="2091">
<p data-start="2037" data-end="2091">Presentar contrato de trabajo y tres últimas nóminas</p>
</li>
<li data-start="2092" data-end="2118">
<p data-start="2094" data-end="2118">No se aceptan mascotas</p>
</li>
</ul>
<p data-start="2120" data-end="2212">Ideal para parejas o profesionales que buscan un hogar moderno, funcional y bien comunicado.</p>

<p>Se alquila luminoso ático en excelente estado, ubicado en Tincer, cerca de la conexión con la autopista norte y sur, transporte público, supermercados, farmacia y centro comercial. La vivienda cuenta con 65 m² distribuidos en dos dormitorios, un baño completo, salón y una cocina completamente nueva y equipada, desde la cual se accede a una terraza privada con vistas al mar. El inmueble está &#8230;</p>
