{"id":2404,"date":"2021-04-27T12:25:09","date_gmt":"2021-04-27T12:25:09","guid":{"rendered":"https:\/\/hypnos-inmobiliaria.com\/properties\/einzigartiges-penthouse-mit-einer-grosszuegigen-terrasse-und-traumhaften-meerblick\/"},"modified":"2021-04-27T12:26:17","modified_gmt":"2021-04-27T12:26:17","slug":"einzigartiges-penthouse-mit-einer-grosszuegigen-terrasse-und-traumhaften-meerblick","status":"publish","type":"estate_property","link":"https:\/\/hypnos-inmobiliaria.com\/de\/properties\/einzigartiges-penthouse-mit-einer-grosszuegigen-terrasse-und-traumhaften-meerblick\/","title":{"rendered":"Einzigartiges Penthouse mit einer gro\u00dfz\u00fcgigen Terrasse und traumhaften Meerblick"},"content":{"rendered":"<p>Diese fantastische Wohnung liegt in Radazul Bajo, nur wenige Minuten vom Strand, Superm\u00e4rkten, Schulen und Autobahnanbindungen entfernt. Angeboten wird eine traumhafte Wohnung mit vier Schlafzimmern, K\u00fcche mit Abstellraum, Wohnzimmer mit gro\u00dfz\u00fcgiger Terrasse, zwei Badezimmer und ein G\u00e4stetoilette. Die Abst\u00e4nde zwischen den einzelnen R\u00e4umen sorgen f\u00fcr angenehme Privatsph\u00e4re, grosse Fensterfronten f\u00fcr eine sch\u00f6ne Atmosph\u00e4re im Inneren, wo sich die durchdachte Planung in funktionalen Grundrissen mit lebenswerter Gro\u00dfz\u00fcgigkeit entfaltet.<\/p>\n<p>Lassen Sie sich von der Einzigartigkeit und der grossz\u00fcgigen Raumaufteilung beeindrucken und vereinbaren Sie noch heute einen Besichtigungstermin.<span class=\"Apple-converted-space\">\u00a0<\/span><\/p>\n<p>Im Preis im inbegriffen ist ein Garagenstellplatz mit einem dazugeh\u00f6rigen Abstellraum.<\/p>\n","protected":false},"excerpt":{"rendered":"<p>Diese fantastische Wohnung liegt in Radazul Bajo, nur wenige Minuten vom Strand, Superm\u00e4rkten, Schulen und Autobahnanbindungen entfernt. Angeboten wird eine traumhafte Wohnung mit vier Schlafzimmern, K\u00fcche mit Abstellraum, Wohnzimmer mit gro\u00dfz\u00fcgiger Terrasse, zwei Badezimmer und ein G\u00e4stetoilette. Die Abst\u00e4nde zwischen den einzelnen R\u00e4umen sorgen f\u00fcr angenehme Privatsph\u00e4re, grosse Fensterfronten f\u00fcr eine sch\u00f6ne Atmosph\u00e4re im Inneren, wo sich die durchdachte Planung in funktionalen Grundrissen mit &#8230;<\/p>\n","protected":false},"featured_media":0,"comment_status":"open","ping_status":"closed","template":"","property_category":[119],"property_action_category":[156],"property_city":[297],"property_area":[],"property_county_state":[289],"property_features":[158,211,185,168,161,162,160,159,245,183,181,201,233,166,200,263,237,170,241,164,184,199,209,213,179,247,174,203,204,253,177,206,205,167],"property_status":[],"class_list":["post-2404","estate_property","type-estate_property","status-publish","hentry","property_category-wohnung","property_action_category-venta-de","property_city-radazul-de","property_county_state-oeste-de","property_features-accesible-de","property_features-aufzug","property_features-vistas-de","property_features-detalles-exteriores-de","property_features-bano-con-ducha-de","property_features-bano-con-ventana-de","property_features-bano-con-banera-de","property_features-balcon-de","property_features-barrierefrei","property_features-vista-a-la-montana-de","property_features-suelo-de","property_features-azotea-de","property_features-derzeitige-nutzung","property_features-cocina-equipada-de","property_features-apto-para-alquiler-vacacional-de","property_features-fliesenboden","property_features-frei","property_features-garaje-de","property_features-haustiere-erlaubt","property_features-cocina-de","property_features-vista-al-mar-de","property_features-amueblado-de","property_features-nicht-moebliert","property_features-personenaufzug","property_features-sanitario-de","property_features-seniorengerechtes-wohnen","property_features-otro-de","property_features-fuente-de-electricidad-del-municipio-de","property_features-suministro-de-agua-potable-de","property_features-stellplatz","property_features-plaza-de-aparcamiento-de","property_features-terraza-de","property_features-suministros-de","property_features-cuarto-de-lavado-y-secado-de"],"_links":{"self":[{"href":"https:\/\/hypnos-inmobiliaria.com\/de\/wp-json\/wp\/v2\/estate_property\/2404","targetHints":{"allow":["GET"]}}],"collection":[{"href":"https:\/\/hypnos-inmobiliaria.com\/de\/wp-json\/wp\/v2\/estate_property"}],"about":[{"href":"https:\/\/hypnos-inmobiliaria.com\/de\/wp-json\/wp\/v2\/types\/estate_property"}],"replies":[{"embeddable":true,"href":"https:\/\/hypnos-inmobiliaria.com\/de\/wp-json\/wp\/v2\/comments?post=2404"}],"wp:attachment":[{"href":"https:\/\/hypnos-inmobiliaria.com\/de\/wp-json\/wp\/v2\/media?parent=2404"}],"wp:term":[{"taxonomy":"property_category","embeddable":true,"href":"https:\/\/hypnos-inmobiliaria.com\/de\/wp-json\/wp\/v2\/property_category?post=2404"},{"taxonomy":"property_action_category","embeddable":true,"href":"https:\/\/hypnos-inmobiliaria.com\/de\/wp-json\/wp\/v2\/property_action_category?post=2404"},{"taxonomy":"property_city","embeddable":true,"href":"https:\/\/hypnos-inmobiliaria.com\/de\/wp-json\/wp\/v2\/property_city?post=2404"},{"taxonomy":"property_area","embeddable":true,"href":"https:\/\/hypnos-inmobiliaria.com\/de\/wp-json\/wp\/v2\/property_area?post=2404"},{"taxonomy":"property_county_state","embeddable":true,"href":"https:\/\/hypnos-inmobiliaria.com\/de\/wp-json\/wp\/v2\/property_county_state?post=2404"},{"taxonomy":"property_features","embeddable":true,"href":"https:\/\/hypnos-inmobiliaria.com\/de\/wp-json\/wp\/v2\/property_features?post=2404"},{"taxonomy":"property_status","embeddable":true,"href":"https:\/\/hypnos-inmobiliaria.com\/de\/wp-json\/wp\/v2\/property_status?post=2404"}],"curies":[{"name":"wp","href":"https:\/\/api.w.org\/{rel}","templated":true}]}}

Einzigartiges Penthouse mit einer großzügigen Terrasse und traumhaften Meerblick

<p>Diese fantastische Wohnung liegt in Radazul Bajo, nur wenige Minuten vom Strand, Supermärkten, Schulen und Autobahnanbindungen entfernt. Angeboten wird eine traumhafte Wohnung mit vier Schlafzimmern, Küche mit Abstellraum, Wohnzimmer mit großzügiger Terrasse, zwei Badezimmer und ein Gästetoilette. Die Abstände zwischen den einzelnen Räumen sorgen für angenehme Privatsphäre, grosse Fensterfronten für eine schöne Atmosphäre im Inneren, wo sich die durchdachte Planung in funktionalen Grundrissen mit lebenswerter Großzügigkeit entfaltet.</p>
<p>Lassen Sie sich von der Einzigartigkeit und der grosszügigen Raumaufteilung beeindrucken und vereinbaren Sie noch heute einen Besichtigungstermin.<span class="Apple-converted-space"> </span></p>
<p>Im Preis im inbegriffen ist ein Garagenstellplatz mit einem dazugehörigen Abstellraum.</p>

<p>Diese fantastische Wohnung liegt in Radazul Bajo, nur wenige Minuten vom Strand, Supermärkten, Schulen und Autobahnanbindungen entfernt. Angeboten wird eine traumhafte Wohnung mit vier Schlafzimmern, Küche mit Abstellraum, Wohnzimmer mit großzügiger Terrasse, zwei Badezimmer und ein Gästetoilette. Die Abstände zwischen den einzelnen Räumen sorgen für angenehme Privatsphäre, grosse Fensterfronten für eine schöne Atmosphäre im Inneren, wo sich die durchdachte Planung in funktionalen Grundrissen mit &#8230;</p>
